 514*z - 130004. Give q(253).
38
Let c(a) = -a**3 - 17*a**2 + 142*a - 181. Give c(-18).
-2413
Let a(f) = -f**3 - 124*f**2 + 287*f + 4206. Give a(-126).
-204
Let x(t) = 2672*t + 2356718. What is x(-882)?
14
Let f(i) = -19*i**2 - 194*i - 455. Calculate f(-4).
17
Let d(k) = 3*k**2 + 231*k + 1562. What is d(-68)?
-274
Let o(n) = -n**3 - 14*n**2 + 435*n + 6521. What is o(-17)?
-7
Let m(d) = 97*d**2 - 3544*d + 1832. What is m(36)?
-40
Let d(j) = 103*j**2 - 257*j + 502. Determine d(2).
400
Let y(d) = -d**3 + 618*d**2 + 29837*d - 1326. Calculate y(663).
0
Let f(s) = -2*s**2 + 240*s + 28697. Determine f(-74).
-15
Let a(l) = -206619*l + 9711111. Determine a(47).
18
Let h(i) = 3*i**3 - 99*i**2 - 2*i + 72. Determine h(33).
6
Let j(t) = -t**2 + 67*t - 1001. Calculate j(22).
-11
Let s(g) = -2*g**2 + 126*g - 1825. What is s(16)?
-321
Let b(u) = -21*u**2 - 64998*u + 325510. Calculate b(5).
-5
Let t(l) = 5*l**2 - 768*l + 25363. What is t(48)?
19
Let k(f) = -f**3 + 15*f**2 - 45136*f + 496003. Determine k(11).
-9
Let t(g) = g**3 - 50*g**2 - 213*g + 165. Calculate t(54).
327
Let k(w) = -159*w**2 + 3493*w - 22. Determine k(22).
-132
Let s(r) = -r**2 - 103711*r + 1659634. Give s(16).
2
Let c(a) = 15*a**2 + 790*a + 124. Determine c(-52).
-396
Let m(h) = h**2 + 97*h + 485. Calculate m(-105).
1325
Let x(i) = -3084*i + 7445. Determine x(3).
-1807
Let f(t) = -51*t**2 + 3933*t - 474. Determine f(77).
-12
Let d(y) = 76*y**2 + 76*y + 242. Calculate d(-3).
698
Let o(q) = -2*q**3 - 345*q**2 - 4436*q - 37. Give o(-14).
-65
Let b(v) = -v**2 + 13973*v - 279057. Determine b(20).
3
Let x(v) = 13*v**3 + 8126*v**2 + 580*v - 28122. What is x(-625)?
3
Let q(y) = -452*y + 19599. Determine q(41).
1067
Let q(l) = 180722*l - 1084307. Give q(6).
25
Let o(h) = h**2 + 39*h + 384. Calculate o(-17).
10
Let k(z) = -171*z + 1782. What is k(-3)?
2295
Let s(t) = -28*t**3 + 643*t**2 + 20*t + 82. Give s(23).
13
Let v(m) = -7*m**2 - 35391*m + 106184. Give v(3).
-52
Let f(a) = 1591*a**2 + 27053*a + 124. What is f(-17)?
22
Let k(f) = 151761*f - 78. What is k(0)?
-78
Let l(v) = -41*v**2 - 10333*v - 295. Give l(-252).
-43
Let d(o) = -o**3 - 8*o**2 - 339*o - 4081. Determine d(-12).
563
Let x(g) = -23*g**2 - 163*g - 72. What is x(-9)?
-468
Let u(j) = 1268*j + 18556. What is u(-17)?
-3000
Let x(y) = -2895*y + 17645. Calculate x(6).
275
Let i(y) = -188*y - 534. What is i(-3)?
30
Let z(r) = 2017*r - 550652. Give z(273).
-11
Let s(k) = -k**3 + 6425*k**2 - 249050*k - 182. What is s(39)?
-26
Let j(l) = 812749*l + 4876594. What is j(-6)?
100
Let y(q) = -6*q**3 - 171*q**2 - 142*q - 1631. Calculate y(-28).
-7
Let f(j) = 16363*j - 4925260. Calculate f(301).
3
Let d(f) = 140*f**2 + 206*f - 934. Give d(4).
2130
Let x(z) = 3365*z + 2533. Calculate x(-1).
-832
Let j(x) = 89*x**3 - 819*x**2 + 876*x - 24. Give j(8).
136
Let h(y) = -y**3 + 4986*y**2 - 19930*y - 12. What is h(4)?
-20
Let t(r) = -76*r**2 + 382*r. Give t(5).
10
Let j(u) = 586*u**2 + 14068*u + 100. Calculate j(-24).
4
Let j(s) = -8*s**2 - 437*s - 4982. What is j(-18)?
292
Let t(y) = 35*y**3 + 4023*y**2 - 236*y - 535. Determine t(-115).
155
Let v(d) = -12*d**3 + 6*d**2 - 42*d - 240. Determine v(-3).
264
Let a(h) = 4*h**3 - 8*h**2 - 29*h + 72. Calculate a(-3).
-21
Let d(n) = n**3 + 5*n**2 - 140*n + 3. Calculate d(10).
103
Let j(t) = 10*t**2 + 202*t + 764. Give j(-5).
4
Let v(a) = 371*a + 24631. What is v(-66)?
145
Let q(d) = -148*d + 9912. Determine q(68).
-152
Let l(w) = -10*w**3 - 6526*w**2 - 120381*w + 63. What is l(-19)?
6
Let l(t) = -15*t**2 + 3634*t - 963. Calculate l(242).
5
Let b(t) = -3150*t + 1858485. Determine b(590).
-15
Let p(u) = 3*u**3 + 70*u**2 - 1584*u + 219. Give p(14).
-5
Let o(g) = 2189*g + 109447. Give o(-50).
-3
Let d(c) = -2*c**3 - 19*c**2 + 24*c + 308. Determine d(-9).
11
Let o(v) = 131*v + 601. What is o(-5)?
-54
Let r(o) = -18*o**3 - 1183*o**2 + 326*o - 234. What is r(-66)?
30
Let u(m) = 8165*m - 24658. Give u(3).
-163
Let d(g) = -4*g**2 - 1422*g - 13105. Give d(-346).
43
Let f(g) = 59*g**2 - 49*g - 125. What is f(-3)?
553
Let u(c) = -85*c**3 + 172*c**2 - 70*c + 127. Determine u(2).
-5
Let f(m) = -m**2 + 1533*m - 21276. Calculate f(14).
-10
Let r(b) = -5*b**2 + 82*b + 1059. Give r(-13).
-852
Let f(j) = -j**2 + 169*j - 5105. Determine f(134).
-415
Let t(w) = w**2 - 2349*w - 124846. Determine t(-52).
6
Let j(o) = 13632*o + 109051. Calculate j(-8).
-5
Let f(c) = -94*c**3 + 28*c**2 + 57*c + 12. Calculate f(-2).
762
Let s(k) = 535343*k - 535348. Give s(1).
-5
Let l(g) = 367*g + 7134. What is l(-23)?
-1307
Let t(w) = w**3 + 60*w**2 + 154*w - 113. Give t(-57).
856
Let f(t) = 74*t**2 - 15542*t + 105. Give f(210).
-315
Let y(l) = -2*l**2 + 283*l + 30403. Calculate y(-71).
228
Let y(a) = 955*a**2 + 120*a + 200. Calculate y(-2).
3780
Let g(b) = b**3 + 4*b**2 - 93*b + 4. Determine g(8).
28
Let w(r) = -17291*r - 242162. Determine w(-14).
-88
Let x(q) = 6*q**2 - 2828*q - 25383. Determine x(-9).
555
Let o(z) = -z**3 + 319*z**2 - 724*z + 28606. Give o(317).
76
Let h(f) = f**3 + 90*f**2 + 783*f + 48. Determine h(-10).
218
Let i(n) = n**3 + 317*n**2 + 24590*n + 3641. Give i(-182).
1
Let l(i) = 56519*i - 7290953. Determine l(129).
-2
Let c(h) = -9699*h + 10017. What is c(1)?
318
Let l(r) = -1063*r + 39340. Determine l(37).
9
Let a(t) = -13*t**2 + 2797*t - 13963. Determine a(5).
-303
Let u(z) = -15*z**2 + 1095*z + 9889. Determine u(-9).
-1181
Let z(l) = 4*l**2 - 522*l - 3292. Give z(-6).
-16
Let n(s) = -s**3 - 66*s**2 + 737*s - 56. Give n(9).
502
Let r(x) = 13955*x + 29457. What is r(-2)?
1547
Let y(f) = -1234*f - 119730. Give y(-97).
-32
Let n(x) = -9*x**3 + 62*x**2 + 7*x + 12. Determine n(6).
342
Let b(x) = 421*x + 9672. What is b(-23)?
-11
Let p(i) = -42778*i**2 - 213896*i - 27. Give p(-5).
3
Let b(t) = -80*t - 4984. Calculate b(-64).
136
Let t(a) = -96*a**2 - 1060*a - 55. Give t(-11).
-11
Let p(w) = -6*w**2 + 468*w + 1983. Determine p(-4).
15
Let m(x) = 51332*x + 359310. Give m(-7).
-14
Let q(f) = 3*f**2 - 36772*f + 257273. Give q(7).
16
Let j(f) = -123*f + 6469. What is j(54)?
-173
Let x(r) = -2*r**3 + 232*r**2 - 5157*r + 167. What is x(30)?
257
Let z(w) = -w**3 + 83*w**2 - 834*w + 61608. What is z(82)?
-56
Let y(x) = 7300*x + 95882. Give y(-13).
982
Let f(i) = -310*i - 21733. What is f(-71)?
277
Let j(y) = 2*y**2 + 60*y - 5436. Determine j(40).
164
Let a(z) = -2*z**3 - 174*z**2 + 391*z + 18939. Determine a(-88).
19
Let o(j) = 2*j**3 + 73*j**2 - 1046*j + 22. Give o(11).
11
Let j(p) = -p**3 + 49*p**2 + 2807*p - 135309. What is j(46)?
161
Let k(x) = -953*x - 36834. Calculate k(-38).
-620
Let k(y) = 2*y**2 + 912176*y + 2736516. Calculate k(-3).
6
Let i(h) = 797*h**2 - 9576*h + 189. Calculate i(12).
45
Let c(t) = 14*t**3 - 391*t**2 + 49*t - 2150. Give c(28).
6
Let b(n) = -2536*n + 14017. Determine b(6).
-1199
Let o(l) = -462984*l - 6018780. What is o(-13)?
12
Let c(q) = 22515*q - 14837379. Give c(659).
6
Let z(s) = -8*s**2 + 210*s - 41. Calculate z(15).
1309
Let f(y) = -3*y**3 + 345*y**2 - 57*y + 6615. Determine f(115).
60
Let p(g) = -14*g**2 - 11058*g + 102295. Determine p(-799).
23
Let w(h) = 2054*h - 16164. Calculate w(8).
268
Let k(c) = 1026*c**3 + 96*c**2 + 98*c. Determine k(-1).
-1028
Let u(s) = 4291*s + 60040. Determine u(-14).
-34
Let q(m) = 2*m**2 - 219*m - 30800. Give q(191).
333
Let x(n) = n**2 + 1568*n + 42637. What is x(-28)?
-483
Let s(w) = -w**3 + 111*w**2 - 718*w - 1017. What is s(104)?
23
Let r(o) = 3*o**2 + 849*o - 12040. Give r(14).
434
Let z(k) = 5*k**3 - 43*k**2 + 154*k - 55. Give z(3).
155
Let p(c) = 6284*c + 2450765. What is p(-390)?
5
Let t(b) = -3*b**3 + 140*b**2 - 130*b + 1280. Give t(46).
-468
Let i(z) = z**3 + 268*z**2 - 4243*z + 1316. Determine i(-283).
750
Let z(s) = s**3 + 121*s**2 - 2029*s - 170. Give z(15).
-5
Let u(y) = -7513*y - 217902. Determine u(-29).
-25
Let h(c) = 1733*c**2 - 7710*c - 7709. Determine h(-1).
1734
Let m(k) = -93*k + 8066. Determine m(92).
-490
Let x(q) = 10*q**2 + 351*q + 2797. Give x(-13).
-76
Let g(m) = -27*m**2 + 10*m + 116. Calculate g(-2).
-12
Let f(b) = 2693*b + 694755. Determine f(-258).
-39
Let s(b) = -b**3 - 7*b**2 - 29*b + 25. Give s(-5).
120
Let w(t) = -297*t - 56659. Give w(-191).
68
Let a(n) = -440*n**2 - 68*n - 30. Determine a(-1).
-402
Let c(p) = -8250*p + 140252. What is c(17)?
2